 = j + 2127. What is the tens digit of m?
2
Let n(k) = -4353*k**3 - 2*k**2 + 68*k + 68. What is the tens digit of n(-1)?
5
Let j(m) be the first derivative of m**3/3 + m**2/2 + 82*m + 204. What is the hundreds digit of j(28)?
8
Let x(v) = 79*v - 181. Let z be x(22). Suppose z = 6*q + 153. What is the tens digit of q?
3
Suppose -b + 32*p = 31*p - 1223, 0 = 2*b + 2*p - 2434. Suppose 0 = 2*q + 2*o - b, 3*o - 1292 = -2*q - 68. What is the units digit of q?
6
What is the hundreds digit of 6994260/858 - ((-1)/(-2))/((-11)/4)?
1
Let r(c) = 2*c**3 - 29*c**2 + 46*c - 275. What is the hundreds digit of r(27)?
1
Let r(m) = 42*m + 7. Let a be r(1). Let f(p) = -25*p - 34 - 29*p + a*p. What is the tens digit of f(-11)?
2
Suppose 29*d - 26*d + 18202 = 4*r, 5*r - 4*d - 22752 = 0. What is the units digit of r?
2
Let a(b) = b + 8. Let i be a(-7). Let o(p) = -57*p + 3. Let m(w) = -59*w + 3. Let d(j) = 5*m(j) - 6*o(j). What is the tens digit of d(i)?
4
Let f be 1429*(-5 + 1 - (8 + -13)). Suppose 3*o = 2*y - 875 - 544, -o - f = -2*y. What is the units digit of y?
7
Let w be (-232)/87*6/4. What is the hundreds digit of (-1560)/w - (0 - -6)?
3
Let c = 2340 + -2336. Let o = 2 + 1. Suppose -321 = -5*p - 2*h, o*p + c*h = p + 122. What is the tens digit of p?
6
What is the thousands digit of 3/2*(3479 - -167)?
5
Let k = 11353 + -2931. What is the units digit of k?
2
What is the hundreds digit of (((-1092)/24)/7 + 6)*(-24452 - 0)?
2
Suppose 12*j = 3879 + 23001. Suppose 2*x = -2*o - 569 + 1683, 2*o + j = 4*x. What is the units digit of x?
9
Suppose 1547 = 2*t - 1996 - 8825. What is the tens digit of t?
8
Let r = 2006 + 6335. What is the hundreds digit of r?
3
Let j(c) = -c**3 + 5*c**2 + 7*c - 4. Let z be j(6). Let l(v) = 42*v**3 - 3*v**2 + 2*v - 2. What is the units digit of l(z)?
6
Let d(c) be the first derivative of 129*c**4/4 + c**3/3 - c**2/2 + 4*c + 47. What is the thousands digit of d(2)?
1
Let f = -31325 + 47884. What is the hundreds digit of f?
5
Let p = -121 + 127. Suppose -470 - 970 = -p*s. What is the units digit of s?
0
Let d(x) = x**2 + 13*x + 70. Let y(j) = -2*j**2 - 11*j - 70. Let v(s) = -3*d(s) - 4*y(s). What is the units digit of v(-7)?
0
Let n = 5509 + 1932. What is the hundreds digit of n?
4
Let l(h) = 1611*h**2 + 29. What is the tens digit of l(5)?
0
What is the hundreds digit of 2*5255 - (2788/(-1353) + 2/33)?
5
Let r(q) = -151*q + 1. Let z be r(-3). Suppose 37*d - 35*d = z. What is the units digit of d?
7
Let s = 484 - 149. Suppose -6*p + 307 + s = 0. Let z = p - 67. What is the units digit of z?
0
Let i(t) = 4*t + 16. Let s be i(-3). Let l(m) = 21*m**2 + 3*m - 2. What is the hundreds digit of l(s)?
3
What is the units digit of ((-164)/(-14))/(3 + 832/(-280))?
0
Let q = -2073 - -2496. What is the tens digit of q?
2
What is the hundreds digit of (5/(-5) + 2)*(-4 - -6822 - -2)?
8
Let f be 2/4 + 2/4. Suppose 0 = -17*t + 12 + 22. Suppose 163 - f = t*s. What is the tens digit of s?
8
Suppose -5*p + 4*q = -3*p, 5*p + 2*q = 36. Suppose 2*b + p*b = 2*b. Suppose b = 11*k - 1898 + 160. What is the hundreds digit of k?
1
Let j(q) = -5*q**2 + 35*q - 2. Let o be j(7). Let l be (-1 + 151/o)/((-9)/18). What is the tens digit of (2/(-3))/((-1)/l)?
0
Suppose 0 = 3*w + 3*u - 35262, -3*w + 47451 - 12239 = -7*u. What is the units digit of w?
9
Let l = 444 - 940. Let x = l - -938. What is the hundreds digit of x?
4
Suppose 0 = 28*v + 18*v - 901064 - 271384. What is the ten thousands digit of v?
2
Suppose -g - 5*u + 27 = 0, -11*g + 4*u - 18 = -10*g. What is the tens digit of 6 - (-19815)/85 - g/17?
3
Let m(p) = -179*p + 53. Let v be 962/(-182) + 4/14. What is the hundreds digit of m(v)?
9
Suppose 25 = 25*g - 50. Suppose 4*q - 4*v = -0*v, 0 = v - 2. Suppose q*d = -g*d + 510. What is the units digit of d?
2
Let d(s) be the second derivative of 19*s**3/6 + 37*s**2/2 + 28*s. Let u(z) = -55*z - 110. Let k(g) = 17*d(g) + 6*u(g). What is the tens digit of k(-6)?
1
Suppose -8*g - 780 = -2*g. Let d = 49 - g. What is the units digit of d?
9
Let j be -2 + 7 - (-31712)/32. Let p = j + -340. What is the units digit of p?
6
Let t(p) = -94*p**2 - 4*p + 3. Let j be t(2). Let u be (764/6)/((-1192)/1788). Let x = u - j. What is the tens digit of x?
9
Let i be ((-117)/117)/((-2)/1058). Let g = 944 - i. What is the tens digit of g?
1
Let j be (-13 + 23)*(0 + 1). Let g(a) = -7*a**2 - 8*a + j*a**2 - 3*a**2 + 14*a**2 - a**3 - 29. What is the tens digit of g(13)?
3
Let g = 11921 - 2782. What is the units digit of g?
9
Suppose -4*g - 21*p = -17*p - 700, -4*g + 702 = 3*p. What is the tens digit of 118/g - (-763)/3?
5
Let u(f) = f**2. Let t(z) = -z**3 + 11*z**2 - 24*z + 19. Let n be (-1)/(2 + 10/(-4)) - 3. Let o(g) = n*u(g) - t(g). What is the hundreds digit of o(12)?
2
Let y be 6/(-4)*(20 - -54). Let t be (-406)/(-2) - (4 + -2). Let v = t + y. What is the units digit of v?
0
Let t = -1723 - -968. Let w = t + 1828. What is the tens digit of w?
7
Let n(d) = -6*d - 230. Let g be n(-34). What is the tens digit of -3 + (-2)/(-4) - 5005/g?
9
Suppose -2*h = -0*m - 5*m - 30, 0 = -m - 4. Suppose -4*k = -6*k + u + 787, -5*k + 1970 = -h*u. What is the units digit of k?
3
Suppose 17*h = -18*h + 105. Suppose -3*x + 3*v + 24 = 0, -h*v + 0 = -9. What is the tens digit of x?
1
Let l be (-36)/(-9) + (-1 - -3) + 651. Suppose -l + 57 = -12*k. What is the units digit of k?
0
Let r = 7 + -3. Suppose 3*y - 85 = r*k + 120, -319 = -5*y + k. Suppose y*d - 332 = 61*d. What is the hundreds digit of d?
1
Let a(b) = -1958*b - 7276. What is the thousands digit of a(-13)?
8
Let v be 1/((-2)/4) + -17*8. What is the units digit of 866/10 - v/(-230)?
6
Suppose 0 = v + 51 - 186. Suppose 2*x - 83 = 2*p + 1353, 0 = x - 3*p - 714. Suppose -139*d + v*d = -x. What is the units digit of d?
0
Let u = 35 + 211. Let a = 8 - 8. Suppose a = 14*i - 8*i - u. What is the tens digit of i?
4
Let w(h) = -3*h + 28*h**2 + 20*h**2 + 3*h. Let p be w(-1). Suppose -35 = d - p. What is the tens digit of d?
1
Let j = -44 + 88. Let t be 5/(11/j + 6/8). What is the units digit of 21 - (t + (-1 - 8))?
5
Let c(k) = 312*k**2 + 686*k + 2781. What is the thousands digit of c(-4)?
5
Suppose -20*n + 32*n = 432. Let l(s) = 2*s**2 - 20*s - 125. What is the tens digit of l(n)?
4
What is the thousands digit of 2850952/130 - 39/(-65)?
1
Suppose 13*f = 17*f + 976. Let o = f + 496. What is the tens digit of o?
5
Let s = -49 - 5. Let w = s - -45. Let m(f) = f**3 + 11*f**2 + 15*f + 22. What is the tens digit of m(w)?
4
Let d(m) = -3*m + 27. Let y(g) = 3. Let b(n) = d(n) + 6*y(n). Let c be (-2 - -56)*2/(-4). What is the hundreds digit of b(c)?
1
What is the hundreds digit of (-555)/(-6)*18 + 35/(-7)?
6
Let p be (26/4)/(14/56). Let t = 36 - p. Suppose -11*r + 99 = -t*r. What is the units digit of r?
9
Suppose 55013 = 13*l - 136880. What is the units digit of l?
1
Let t be 112/(-32)*40/14. What is the tens digit of ((-24)/t + -2)/(4/1020)?
0
Suppose 3*u - 3822 = -11*u. Let h = 948 - u. Suppose -2*t = -3*j + t + 501, -3*t + h = 4*j. What is the units digit of j?
8
Let q(g) = g**2 - 6*g - 13. Let r be q(6). Let f = r + 17. What is the tens digit of f + (220/5 - 0)?
4
Let n be (-1 - (-5)/20)/(1/(-4)). Suppose x = -n*x + x. Suppose 5*b - 3*a - 1289 = x, -7 = a - 9. What is the tens digit of b?
5
Let f(b) = 50*b**2 - 41*b + 43. What is the tens digit of f(16)?
8
What is the tens digit of ((-636)/(-8) + 13)*58?
6
Let u(v) = 2*v**3 + 12*v**2 - 4*v - 14. Let p be -14 - -11 - 2/2. What is the tens digit of u(p)?
6
Let y = 14941 - -12992. Suppose -y = -14*h - 3783. What is the tens digit of h?
2
Suppose 0 = -o + 3*o + 4*p + 16, 0 = -3*o - 4*p - 14. Suppose o*z - 56 = -h, -2*h + h + 59 = 3*z. Suppose -q + 3*q = h. What is the units digit of q?
5
What is the tens digit of 8 - (-71772 - (0 + -25))?
5
Let i = -58 - -60. Suppose i*l = 4*l - 1260. Suppose 4*a = -a + l. What is the units digit of a?
6
Suppose -i = 5*y + 2*i + 3881, -y = 2*i + 772. Let s = y + 1764. What is the units digit of s?
6
Let r be -3 + 28 + (5 - 2). What is the hundreds digit of (-2)/r*-9992 + (-4)/(-14)?
7
Let u = -3089 + 3542. What is the units digit of u?
3
Let r(n) = n**3 + 2*n**2 - 32*n + 34. What is the units digit of r(-6)?
2
Let f = -9042 + 13103. What is the tens digit of f?
6
Let f(l) = 17*l - 3*l**2 + 1